{"id":669,"date":"2021-12-15T22:36:40","date_gmt":"2021-12-15T22:36:40","guid":{"rendered":"http:\/\/94.74.70.39\/?page_id=669"},"modified":"2022-03-22T18:06:26","modified_gmt":"2022-03-23T00:06:26","slug":"region-13","status":"publish","type":"page","link":"https:\/\/sitr13.unah.edu.hn\/?page_id=669","title":{"rendered":"Region 13"},"content":{"rendered":"\t\t<div data-elementor-type=\"wp-page\" data-elementor-id=\"669\" class=\"elementor elementor-669\" data-elementor-settings=\"[]\">\n\t\t\t\t\t\t\t<div class=\"elementor-section-wrap\">\n\t\t\t\t\t\t\t<section class=\"elementor-section elementor-top-section elementor-element elementor-element-33bf92a elementor-section-boxed elementor-section-height-default elementor-section-height-default\" data-id=\"33bf92a\" data-element_type=\"section\" data-settings=\"{&quot;background_background&quot;:&quot;slideshow&quot;,&quot;background_slideshow_gallery&quot;:[{&quot;id&quot;:568,&quot;url&quot;:&quot;https:\\\/\\\/sitr13.unah.edu.hn\\\/wp-content\\\/uploads\\\/2021\\\/12\\\/eolicas-01.png&quot;},{&quot;id&quot;:569,&quot;url&quot;:&quot;https:\\\/\\\/sitr13.unah.edu.hn\\\/wp-content\\\/uploads\\\/2021\\\/12\\\/puerto-01.png&quot;},{&quot;id&quot;:424,&quot;url&quot;:&quot;https:\\\/\\\/sitr13.unah.edu.hn\\\/wp-content\\\/uploads\\\/2021\\\/12\\\/region.jpg&quot;},{&quot;id&quot;:564,&quot;url&quot;:&quot;https:\\\/\\\/sitr13.unah.edu.hn\\\/wp-content\\\/uploads\\\/2021\\\/12\\\/puente-01-01-scaled.jpeg&quot;}],&quot;background_slideshow_ken_burns&quot;:&quot;yes&quot;,&quot;background_slideshow_loop&quot;:&quot;yes&quot;,&quot;background_slideshow_slide_duration&quot;:5000,&quot;background_slideshow_slide_transition&quot;:&quot;fade&quot;,&quot;background_slideshow_transition_duration&quot;:500,&quot;background_slideshow_ken_burns_zoom_direction&quot;:&quot;in&quot;}\">\n\t\t\t\t\t\t<div class=\"elementor-container elementor-column-gap-default\">\n\t\t\t\t\t<div class=\"elementor-column elementor-col-100 elementor-top-column elementor-element elementor-element-55a05db\" data-id=\"55a05db\" data-element_type=\"column\">\n\t\t\t<div class=\"elementor-widget-wrap\">\n\t\t\t\t\t\t\t\t\t<\/div>\n\t\t<\/div>\n\t\t\t\t\t\t\t<\/div>\n\t\t<\/section>\n\t\t\t\t<section class=\"elementor-section elementor-top-section elementor-element elementor-element-e29f28b elementor-section-boxed elementor-section-height-default elementor-section-height-default\" data-id=\"e29f28b\" data-element_type=\"section\">\n\t\t\t\t\t\t<div class=\"elementor-container elementor-column-gap-default\">\n\t\t\t\t\t<div class=\"elementor-column elementor-col-100 elementor-top-column elementor-element elementor-element-df58004\" data-id=\"df58004\" data-element_type=\"column\" data-settings=\"{&quot;background_background&quot;:&quot;classic&quot;}\">\n\t\t\t<div class=\"elementor-widget-wrap elementor-element-populated\">\n\t\t\t\t\t\t\t\t<div class=\"elementor-element elementor-element-c0b0173 elementor-widget elementor-widget-heading\" data-id=\"c0b0173\" data-element_type=\"widget\" data-widget_type=\"heading.default\">\n\t\t\t\t<div class=\"elementor-widget-container\">\n\t\t\t<h2 class=\"elementor-heading-title elementor-size-default\">Regi\u00f3n 13 del Golfo de Fonseca<\/h2>\t\t<\/div>\n\t\t\t\t<\/div>\n\t\t\t\t\t<\/div>\n\t\t<\/div>\n\t\t\t\t\t\t\t<\/div>\n\t\t<\/section>\n\t\t\t\t<section class=\"elementor-section elementor-top-section elementor-element elementor-element-86470a9 elementor-section-boxed elementor-section-height-default elementor-section-height-default\" data-id=\"86470a9\" data-element_type=\"section\" data-settings=\"{&quot;background_background&quot;:&quot;classic&quot;}\">\n\t\t\t\t\t\t\t<div class=\"elementor-background-overlay\"><\/div>\n\t\t\t\t\t\t\t<div class=\"elementor-container elementor-column-gap-default\">\n\t\t\t\t\t<div class=\"elementor-column elementor-col-100 elementor-top-column elementor-element elementor-element-9c044ba\" data-id=\"9c044ba\" data-element_type=\"column\">\n\t\t\t<div class=\"elementor-widget-wrap elementor-element-populated\">\n\t\t\t\t\t\t\t\t<div class=\"elementor-element elementor-element-92fe2c2 elementor-widget elementor-widget-image\" data-id=\"92fe2c2\" data-element_type=\"widget\" data-widget_type=\"image.default\">\n\t\t\t\t<div class=\"elementor-widget-container\">\n\t\t\t\t\t\t\t\t\t\t\t\t\t\t\t<img loading=\"lazy\" decoding=\"async\" width=\"750\" height=\"375\" src=\"https:\/\/sitr13.unah.edu.hn\/wp-content\/uploads\/2021\/12\/maparegion132-1.jpg\" class=\"attachment-large size-large\" alt=\"\" srcset=\"https:\/\/sitr13.unah.edu.hn\/wp-content\/uploads\/2021\/12\/maparegion132-1.jpg 964w, https:\/\/sitr13.unah.edu.hn\/wp-content\/uploads\/2021\/12\/maparegion132-1-300x150.jpg 300w, https:\/\/sitr13.unah.edu.hn\/wp-content\/uploads\/2021\/12\/maparegion132-1-768x384.jpg 768w\" sizes=\"auto, (max-width: 750px) 100vw, 750px\" \/>\t\t\t\t\t\t\t\t\t\t\t\t\t\t\t<\/div>\n\t\t\t\t<\/div>\n\t\t\t\t<div class=\"elementor-element elementor-element-032c423 elementor-widget elementor-widget-text-editor\" data-id=\"032c423\" data-element_type=\"widget\" data-widget_type=\"text-editor.default\">\n\t\t\t\t<div class=\"elementor-widget-container\">\n\t\t\t\t\t\t\t<p class=\"text-justify\">Para lograr el cumplimiento del Plan de Naci\u00f3n de Honduras, adoptado mediante el articulo No. 25 de la Ley de Visi\u00f3n de Pa\u00eds y Plan de Naci\u00f3n del Congreso Nacional de Honduras en 2010, se divide el pa\u00eds en 16 Regiones de Desarrollo vinculadas a cuencas hidrogr\u00e1ficas como un recurso natural potencial de acuerdo con la presentaci\u00f3n de la Visi\u00f3n de Pa\u00eds 2010 \u2013 2038. La Regi\u00f3n del Golfo de Fonseca, es la zona No. 13 y se ubica dentro de las cuencas hidrogr\u00e1ficas de los r\u00edos Goascor\u00e1n, Nacaome, Choluteca, Sampile y Negro; las principales actividades productivas son la pesca artesanal y el camar\u00f3n cultivado a gran escala, donde por su calidad Honduras figura internacionalmente (Direcci\u00f3n Ejecutiva de Plan de Naci\u00f3n).<\/p><p class=\"text-justify\">Para abril 2013 se dise\u00f1\u00f3 el \u201cPlan de Desarrollo Regional con Enfoque de Ordenamiento Territorial para la Regi\u00f3n de Desarrollo 13 \u2013 Golfo de Fonseca\u201d (UTPR-SEPLAN, 2013). De acuerdo con el Plan de Desarrollo Regional, se dise\u00f1a un Planteamiento Estrat\u00e9gico: Modelo Territorial Futuro, que incluye la propuesta de seis ejes de desarrollo que responden a los Objetivos Nacional de la Visi\u00f3n de Pa\u00eds, los cuales se enumeran a continuaci\u00f3n:<\/p><ol class=\"lo_pages\"><li>Educaci\u00f3n, ciencia y cultura para el desarrollo y la transformaci\u00f3n social.<\/li><li>Salud, seguridad alimentaria y nutrici\u00f3n, agua y saneamiento.<\/li><li>Desarrollo econ\u00f3mico sostenible e infraestructura social y log\u00edstica, asentamientos humanos.<\/li><li>Gobernabilidad, organizaci\u00f3n y participaci\u00f3n social.<\/li><li>Gesti\u00f3n ambiental, cambio clim\u00e1tico y reducci\u00f3n de riesgos.<\/li><li>Equidad de g\u00e9nero y empoderamiento de la mujer.<\/li><\/ol><p class=\"text-justify\">Adem\u00e1s de los Ejes de Desarrollo, la Regi\u00f3n No. 13 Golfo de Fonseca tiene definidos indicadores de regi\u00f3n, un modelo organizacional, un mapeo de actores claves, una metodolog\u00eda de aplicaci\u00f3n, y un equipo gestor integrado por actores regionales para el desarrollo, proyectos y programas de la cooperaci\u00f3n internacional y miembros de la academia que han impulsado el desarrollo del Sistema de Informaci\u00f3n Territorial de la Regi\u00f3n 13 (SITR13), proyecto que comenz\u00f3 a gestionarse a partir de 2017.<\/p>\t\t\t\t\t\t<\/div>\n\t\t\t\t<\/div>\n\t\t\t\t\t<\/div>\n\t\t<\/div>\n\t\t\t\t\t\t\t<\/div>\n\t\t<\/section>\n\t\t\t\t\t\t<\/div>\n\t\t\t\t\t<\/div>\n\t\t","protected":false},"excerpt":{"rendered":"<p>Regi\u00f3n 13 del Golfo de Fonseca Para lograr el cumplimiento del Plan de Naci\u00f3n de Honduras, adoptado mediante el articulo No. 25 de la Ley de Visi\u00f3n de Pa\u00eds y Plan de Naci\u00f3n del Congreso Nacional de Honduras en 2010, se divide el pa\u00eds en 16 Regiones de Desarrollo vinculadas [&hellip;]<\/p>\n","protected":false},"author":2,"featured_media":0,"parent":0,"menu_order":0,"comment_status":"closed","ping_status":"closed","template":"page-templates\/template-pagebuilder-full-width.php","meta":{"footnotes":""},"class_list":["post-669","page","type-page","status-publish","hentry"],"_links":{"self":[{"href":"https:\/\/sitr13.unah.edu.hn\/index.php?rest_route=\/wp\/v2\/pages\/669","targetHints":{"allow":["GET"]}}],"collection":[{"href":"https:\/\/sitr13.unah.edu.hn\/index.php?rest_route=\/wp\/v2\/pages"}],"about":[{"href":"https:\/\/sitr13.unah.edu.hn\/index.php?rest_route=\/wp\/v2\/types\/page"}],"author":[{"embeddable":true,"href":"https:\/\/sitr13.unah.edu.hn\/index.php?rest_route=\/wp\/v2\/users\/2"}],"replies":[{"embeddable":true,"href":"https:\/\/sitr13.unah.edu.hn\/index.php?rest_route=%2Fwp%2Fv2%2Fcomments&post=669"}],"version-history":[{"count":7,"href":"https:\/\/sitr13.unah.edu.hn\/index.php?rest_route=\/wp\/v2\/pages\/669\/revisions"}],"predecessor-version":[{"id":950,"href":"https:\/\/sitr13.unah.edu.hn\/index.php?rest_route=\/wp\/v2\/pages\/669\/revisions\/950"}],"wp:attachment":[{"href":"https:\/\/sitr13.unah.edu.hn\/index.php?rest_route=%2Fwp%2Fv2%2Fmedia&parent=669"}],"curies":[{"name":"wp","href":"https:\/\/api.w.org\/{rel}","templated":true}]}}