{"id":180,"date":"2021-12-13T17:17:21","date_gmt":"2021-12-13T17:17:21","guid":{"rendered":"http:\/\/94.74.70.39\/index.php\/about\/"},"modified":"2022-03-24T18:42:42","modified_gmt":"2022-03-25T00:42:42","slug":"sit-r13","status":"publish","type":"page","link":"https:\/\/sitr13.unah.edu.hn\/?page_id=180","title":{"rendered":"SIT-R13"},"content":{"rendered":"\t\t<div data-elementor-type=\"wp-page\" data-elementor-id=\"180\" class=\"elementor elementor-180\" data-elementor-settings=\"[]\">\n\t\t\t\t\t\t\t<div class=\"elementor-section-wrap\">\n\t\t\t\t\t\t\t<section class=\"elementor-section elementor-top-section elementor-element elementor-element-a4e5a8d elementor-section-boxed elementor-section-height-default elementor-section-height-default\" data-id=\"a4e5a8d\" data-element_type=\"section\" data-settings=\"{&quot;background_background&quot;:&quot;classic&quot;}\">\n\t\t\t\t\t\t\t<div class=\"elementor-background-overlay\"><\/div>\n\t\t\t\t\t\t\t<div class=\"elementor-container elementor-column-gap-default\">\n\t\t\t\t\t<div class=\"elementor-column elementor-col-100 elementor-top-column elementor-element elementor-element-6885830\" data-id=\"6885830\" data-element_type=\"column\">\n\t\t\t<div class=\"elementor-widget-wrap elementor-element-populated\">\n\t\t\t\t\t\t\t\t<div class=\"elementor-element elementor-element-ea683ff elementor-hidden-tablet elementor-hidden-mobile elementor-invisible elementor-widget elementor-widget-heading\" data-id=\"ea683ff\" data-element_type=\"widget\" data-settings=\"{&quot;_animation&quot;:&quot;fadeInUp&quot;}\" data-widget_type=\"heading.default\">\n\t\t\t\t<div class=\"elementor-widget-container\">\n\t\t\t<h2 class=\"elementor-heading-title elementor-size-default\">Sistema de informaci\u00f3n Territorial para la regi\u00f3n 13 del golfo de fonseca<\/h2>\t\t<\/div>\n\t\t\t\t<\/div>\n\t\t\t\t\t<\/div>\n\t\t<\/div>\n\t\t\t\t\t\t\t<\/div>\n\t\t<\/section>\n\t\t\t\t<section class=\"elementor-section elementor-top-section elementor-element elementor-element-f7690b3 elementor-section-boxed elementor-section-height-default elementor-section-height-default\" data-id=\"f7690b3\" data-element_type=\"section\" data-settings=\"{&quot;background_background&quot;:&quot;classic&quot;}\">\n\t\t\t\t\t\t<div class=\"elementor-container elementor-column-gap-default\">\n\t\t\t\t\t<div class=\"elementor-column elementor-col-100 elementor-top-column elementor-element elementor-element-2f3d723\" data-id=\"2f3d723\" data-element_type=\"column\" data-settings=\"{&quot;background_background&quot;:&quot;classic&quot;}\">\n\t\t\t<div class=\"elementor-widget-wrap elementor-element-populated\">\n\t\t\t\t\t\t\t\t<div class=\"elementor-element elementor-element-fffe5b2 elementor-hidden-desktop elementor-widget elementor-widget-heading\" data-id=\"fffe5b2\" data-element_type=\"widget\" data-widget_type=\"heading.default\">\n\t\t\t\t<div class=\"elementor-widget-container\">\n\t\t\t<h2 class=\"elementor-heading-title elementor-size-default\">Sistema de informaci\u00f3n Territorial para la regi\u00f3n 13 del golfo de fonseca<\/h2>\t\t<\/div>\n\t\t\t\t<\/div>\n\t\t\t\t<div class=\"elementor-element elementor-element-937d5f3 elementor-widget elementor-widget-text-editor\" data-id=\"937d5f3\" data-element_type=\"widget\" data-widget_type=\"text-editor.default\">\n\t\t\t\t<div class=\"elementor-widget-container\">\n\t\t\t\t\t\t\t<p style=\"text-align: left;\">El Sistema de Informaci\u00f3n Territorial para la Regi\u00f3n 13 del Golfo de Fonseca (SIT-R13) surge como una necesidad planeada por los diferentes actores locales de contar con una herramienta tecnol\u00f3gica que permita caracterizar y ordenar el territorio, adem\u00e1s de generar identidad y toma de decisiones respecto a las diferentes dimensiones del desarrollo territorial del pa\u00eds.<\/p>\t\t\t\t\t\t<\/div>\n\t\t\t\t<\/div>\n\t\t\t\t\t<\/div>\n\t\t<\/div>\n\t\t\t\t\t\t\t<\/div>\n\t\t<\/section>\n\t\t\t\t<section class=\"elementor-section elementor-top-section elementor-element elementor-element-6065b2e elementor-section-boxed elementor-section-height-default elementor-section-height-default\" data-id=\"6065b2e\" data-element_type=\"section\">\n\t\t\t\t\t\t<div class=\"elementor-container elementor-column-gap-default\">\n\t\t\t\t\t<div class=\"elementor-column elementor-col-100 elementor-top-column elementor-element elementor-element-51c8f01\" data-id=\"51c8f01\" data-element_type=\"column\">\n\t\t\t<div class=\"elementor-widget-wrap elementor-element-populated\">\n\t\t\t\t\t\t\t\t<div class=\"elementor-element elementor-element-d941ae5 elementor-invisible elementor-widget elementor-widget-text-editor\" data-id=\"d941ae5\" data-element_type=\"widget\" data-settings=\"{&quot;_animation&quot;:&quot;fadeInUp&quot;}\" data-widget_type=\"text-editor.default\">\n\t\t\t\t<div class=\"elementor-widget-container\">\n\t\t\t\t\t\t\t<p><img loading=\"lazy\" decoding=\"async\" src=\"https:\/\/sitr13.unah.edu.hn\/wp-content\/uploads\/2021\/12\/logo2-277x300.png\" alt=\"\" width=\"148\" height=\"160\" class=\"alignleft wp-image-440\" srcset=\"https:\/\/sitr13.unah.edu.hn\/wp-content\/uploads\/2021\/12\/logo2-277x300.png 277w, https:\/\/sitr13.unah.edu.hn\/wp-content\/uploads\/2021\/12\/logo2-768x831.png 768w, https:\/\/sitr13.unah.edu.hn\/wp-content\/uploads\/2021\/12\/logo2.png 772w\" sizes=\"auto, (max-width: 148px) 100vw, 148px\" \/><\/p><p>El <strong>SIT-R13<\/strong>, es una propuesta de implementaci\u00f3n de herramientas tecnol\u00f3gicas para el an\u00e1lisis y almacenamiento de informaci\u00f3n territorial con un enfoque de Investigaci\u00f3n, Desarrollo e Innovaci\u00f3n, en dimensiones o ejes de desarrollo: ambientales, econ\u00f3micas, sociales, culturales, salud y seguridad social, educaci\u00f3n, gobernabilidad y desarrollo institucional que generen indicadores para el desarrollo local territorial mediante t\u00e9cnicas de georreferenciaci\u00f3n y estructuraci\u00f3n de datos; el <strong>SIT-R13<\/strong> utiliza un amplio conjunto de Tecnolog\u00edas de Informaci\u00f3n y Comunicaci\u00f3n, agrupados como un ecosistema SIT (Plataformas de hardware, de software, internet, manejadores de bases de datos, infraestructura de redes y personal t\u00e9cnico calificado).<\/p>\t\t\t\t\t\t<\/div>\n\t\t\t\t<\/div>\n\t\t\t\t\t<\/div>\n\t\t<\/div>\n\t\t\t\t\t\t\t<\/div>\n\t\t<\/section>\n\t\t\t\t<section class=\"elementor-section elementor-top-section elementor-element elementor-element-51143e55 elementor-section-content-middle elementor-section-boxed elementor-section-height-default elementor-section-height-default\" data-id=\"51143e55\" data-element_type=\"section\" data-settings=\"{&quot;background_background&quot;:&quot;classic&quot;}\">\n\t\t\t\t\t\t<div class=\"elementor-container elementor-column-gap-no\">\n\t\t\t\t\t<div class=\"elementor-column elementor-col-50 elementor-top-column elementor-element elementor-element-3624dd0\" data-id=\"3624dd0\" data-element_type=\"column\">\n\t\t\t<div class=\"elementor-widget-wrap elementor-element-populated\">\n\t\t\t\t\t\t\t\t<div class=\"elementor-element elementor-element-8e7183d elementor-widget elementor-widget-heading\" data-id=\"8e7183d\" data-element_type=\"widget\" data-widget_type=\"heading.default\">\n\t\t\t\t<div class=\"elementor-widget-container\">\n\t\t\t<h2 class=\"elementor-heading-title elementor-size-default\">\u00bfQu\u00e9 elementos incluye un Sistema de Informaci\u00f3n Territorial?<\/h2>\t\t<\/div>\n\t\t\t\t<\/div>\n\t\t\t\t\t<\/div>\n\t\t<\/div>\n\t\t\t\t<div class=\"elementor-column elementor-col-50 elementor-top-column elementor-element elementor-element-6f1575c\" data-id=\"6f1575c\" data-element_type=\"column\">\n\t\t\t<div class=\"elementor-widget-wrap elementor-element-populated\">\n\t\t\t\t\t\t\t\t<div class=\"elementor-element elementor-element-bdaecbb elementor-widget elementor-widget-text-editor\" data-id=\"bdaecbb\" data-element_type=\"widget\" data-widget_type=\"text-editor.default\">\n\t\t\t\t<div class=\"elementor-widget-container\">\n\t\t\t\t\t\t\t<ul><li>Planificaci\u00f3n Territorial.<\/li><li>Teledetecci\u00f3n y georreferenciaci\u00f3n.<\/li><li>Conjunto de elementos para la gesti\u00f3n territorial.<\/li><li>Captura y almacenamiento de datos de tipo SIG (Sistema de Informaci\u00f3n Geogr\u00e1fica).<\/li><li>Gesti\u00f3n documental de recursos semiestructurados y estructurados.<\/li><li>Disponibilidad de informaci\u00f3n para decisiones vinculadas al territorio.<\/li><\/ul><p style=\"padding-left: 40px;\">Con base en lo anterior, el proyecto SIT-R13, integrar\u00e1 adicionalmente a la planificaci\u00f3n y gesti\u00f3n territorial de nivel geogr\u00e1fico, componentes tecnol\u00f3gicos que faciliten la gesti\u00f3n del conocimiento mediante el procesamiento de datos estructurado y semi-estructurado<\/p>\t\t\t\t\t\t<\/div>\n\t\t\t\t<\/div>\n\t\t\t\t\t<\/div>\n\t\t<\/div>\n\t\t\t\t\t\t\t<\/div>\n\t\t<\/section>\n\t\t\t\t<section class=\"elementor-section elementor-top-section elementor-element elementor-element-35f5195 elementor-section-boxed elementor-section-height-default elementor-section-height-default\" data-id=\"35f5195\" data-element_type=\"section\">\n\t\t\t\t\t\t<div class=\"elementor-container elementor-column-gap-default\">\n\t\t\t\t\t<div class=\"elementor-column elementor-col-100 elementor-top-column elementor-element elementor-element-2a5a921\" data-id=\"2a5a921\" data-element_type=\"column\">\n\t\t\t<div class=\"elementor-widget-wrap elementor-element-populated\">\n\t\t\t\t\t\t\t\t<div class=\"elementor-element elementor-element-5b915dc elementor-widget elementor-widget-heading\" data-id=\"5b915dc\" data-element_type=\"widget\" data-widget_type=\"heading.default\">\n\t\t\t\t<div class=\"elementor-widget-container\">\n\t\t\t<h2 class=\"elementor-heading-title elementor-size-default\">M\u00f3dulos<\/h2>\t\t<\/div>\n\t\t\t\t<\/div>\n\t\t\t\t<section class=\"elementor-section elementor-inner-section elementor-element elementor-element-6c74c33 elementor-section-boxed elementor-section-height-default elementor-section-height-default\" data-id=\"6c74c33\" data-element_type=\"section\">\n\t\t\t\t\t\t<div class=\"elementor-container elementor-column-gap-default\">\n\t\t\t\t\t<div class=\"elementor-column elementor-col-50 elementor-inner-column elementor-element elementor-element-893b1e6\" data-id=\"893b1e6\" data-element_type=\"column\">\n\t\t\t<div class=\"elementor-widget-wrap elementor-element-populated\">\n\t\t\t\t\t\t\t\t<div class=\"elementor-element elementor-element-2915380 elementor-widget elementor-widget-heading\" data-id=\"2915380\" data-element_type=\"widget\" data-widget_type=\"heading.default\">\n\t\t\t\t<div class=\"elementor-widget-container\">\n\t\t\t<h2 class=\"elementor-heading-title elementor-size-default\">M\u00f3dulo web inform\u00e1tico<\/h2>\t\t<\/div>\n\t\t\t\t<\/div>\n\t\t\t\t<div class=\"elementor-element elementor-element-769e06b elementor-widget elementor-widget-heading\" data-id=\"769e06b\" data-element_type=\"widget\" data-widget_type=\"heading.default\">\n\t\t\t\t<div class=\"elementor-widget-container\">\n\t\t\t<h2 class=\"elementor-heading-title elementor-size-default\">M\u00f3dulo de gesti\u00f3n del conocimiento<\/h2>\t\t<\/div>\n\t\t\t\t<\/div>\n\t\t\t\t<div class=\"elementor-element elementor-element-15e2b1e elementor-widget elementor-widget-heading\" data-id=\"15e2b1e\" data-element_type=\"widget\" data-widget_type=\"heading.default\">\n\t\t\t\t<div class=\"elementor-widget-container\">\n\t\t\t<h2 class=\"elementor-heading-title elementor-size-default\">M\u00f3dulo de administraci\u00f3n<\/h2>\t\t<\/div>\n\t\t\t\t<\/div>\n\t\t\t\t\t<\/div>\n\t\t<\/div>\n\t\t\t\t<div class=\"elementor-column elementor-col-50 elementor-inner-column elementor-element elementor-element-591f9b7\" data-id=\"591f9b7\" data-element_type=\"column\">\n\t\t\t<div class=\"elementor-widget-wrap elementor-element-populated\">\n\t\t\t\t\t\t\t\t<div class=\"elementor-element elementor-element-5fef4fb elementor-widget elementor-widget-heading\" data-id=\"5fef4fb\" data-element_type=\"widget\" data-widget_type=\"heading.default\">\n\t\t\t\t<div class=\"elementor-widget-container\">\n\t\t\t<h2 class=\"elementor-heading-title elementor-size-default\">M\u00f3dulo geogr\u00e1fico<\/h2>\t\t<\/div>\n\t\t\t\t<\/div>\n\t\t\t\t<div class=\"elementor-element elementor-element-9827150 elementor-widget elementor-widget-heading\" data-id=\"9827150\" data-element_type=\"widget\" data-widget_type=\"heading.default\">\n\t\t\t\t<div class=\"elementor-widget-container\">\n\t\t\t<h2 class=\"elementor-heading-title elementor-size-default\">M\u00f3dulo BI (Business Intelligence)<\/h2>\t\t<\/div>\n\t\t\t\t<\/div>\n\t\t\t\t\t<\/div>\n\t\t<\/div>\n\t\t\t\t\t\t\t<\/div>\n\t\t<\/section>\n\t\t\t\t\t<\/div>\n\t\t<\/div>\n\t\t\t\t\t\t\t<\/div>\n\t\t<\/section>\n\t\t\t\t<section class=\"elementor-section elementor-top-section elementor-element elementor-element-bd63f2f elementor-section-boxed elementor-section-height-default elementor-section-height-default\" data-id=\"bd63f2f\" data-element_type=\"section\" data-settings=\"{&quot;background_background&quot;:&quot;classic&quot;}\">\n\t\t\t\t\t\t<div class=\"elementor-container elementor-column-gap-default\">\n\t\t\t\t\t<div class=\"elementor-column elementor-col-50 elementor-top-column elementor-element elementor-element-8150130\" data-id=\"8150130\" data-element_type=\"column\">\n\t\t\t<div class=\"elementor-widget-wrap elementor-element-populated\">\n\t\t\t\t\t\t\t\t<div class=\"elementor-element elementor-element-5a38ed4 elementor-widget elementor-widget-heading\" data-id=\"5a38ed4\" data-element_type=\"widget\" data-widget_type=\"heading.default\">\n\t\t\t\t<div class=\"elementor-widget-container\">\n\t\t\t<h2 class=\"elementor-heading-title elementor-size-default\">Objetivos del SIT-R13<\/h2>\t\t<\/div>\n\t\t\t\t<\/div>\n\t\t\t\t<div class=\"elementor-element elementor-element-a67ed76 elementor-widget elementor-widget-text-editor\" data-id=\"a67ed76\" data-element_type=\"widget\" data-widget_type=\"text-editor.default\">\n\t\t\t\t<div class=\"elementor-widget-container\">\n\t\t\t\t\t\t\t<p class=\"text-justify\">Dise\u00f1ar e implementar un Sistema de Informaci\u00f3n Territorial para la Regi\u00f3n 13 Golfo de Fonseca (SIT-R13) que proporcione informaci\u00f3n \u00fatil, actualizada y de calidad, destinada a facilitar la toma de decisiones de los actores p\u00fablicos y privados respecto a la planificaci\u00f3n, gesti\u00f3n y evaluaci\u00f3n estrat\u00e9gica del territorio.<\/p>\t\t\t\t\t\t<\/div>\n\t\t\t\t<\/div>\n\t\t\t\t\t<\/div>\n\t\t<\/div>\n\t\t\t\t<div class=\"elementor-column elementor-col-50 elementor-top-column elementor-element elementor-element-797d548\" data-id=\"797d548\" data-element_type=\"column\">\n\t\t\t<div class=\"elementor-widget-wrap elementor-element-populated\">\n\t\t\t\t\t\t\t\t<div class=\"elementor-element elementor-element-579616e elementor-widget elementor-widget-heading\" data-id=\"579616e\" data-element_type=\"widget\" data-widget_type=\"heading.default\">\n\t\t\t\t<div class=\"elementor-widget-container\">\n\t\t\t<h2 class=\"elementor-heading-title elementor-size-default\">Sus componentes<\/h2>\t\t<\/div>\n\t\t\t\t<\/div>\n\t\t\t\t<div class=\"elementor-element elementor-element-1da87f0 elementor-widget elementor-widget-text-editor\" data-id=\"1da87f0\" data-element_type=\"widget\" data-widget_type=\"text-editor.default\">\n\t\t\t\t<div class=\"elementor-widget-container\">\n\t\t\t\t\t\t\t<ul class=\"lo_pages\"><li style=\"text-align: left;\">Componente de investigaci\u00f3n acad\u00e9mica.<\/li><li>Componente t\u00e9cnico.<\/li><li>Componente administrativo.<\/li><\/ul>\t\t\t\t\t\t<\/div>\n\t\t\t\t<\/div>\n\t\t\t\t\t<\/div>\n\t\t<\/div>\n\t\t\t\t\t\t\t<\/div>\n\t\t<\/section>\n\t\t\t\t\t\t<\/div>\n\t\t\t\t\t<\/div>\n\t\t","protected":false},"excerpt":{"rendered":"<p>Sistema de informaci\u00f3n Territorial para la regi\u00f3n 13 del golfo de fonseca Sistema de informaci\u00f3n Territorial para la regi\u00f3n 13 del golfo de fonseca El Sistema de Informaci\u00f3n Territorial para la Regi\u00f3n 13 del Golfo de Fonseca (SIT-R13) surge como una necesidad planeada por los diferentes actores locales de contar [&hellip;]<\/p>\n","protected":false},"author":2,"featured_media":0,"parent":0,"menu_order":0,"comment_status":"closed","ping_status":"closed","template":"elementor_header_footer","meta":{"footnotes":""},"class_list":["post-180","page","type-page","status-publish","hentry"],"_links":{"self":[{"href":"https:\/\/sitr13.unah.edu.hn\/index.php?rest_route=\/wp\/v2\/pages\/180","targetHints":{"allow":["GET"]}}],"collection":[{"href":"https:\/\/sitr13.unah.edu.hn\/index.php?rest_route=\/wp\/v2\/pages"}],"about":[{"href":"https:\/\/sitr13.unah.edu.hn\/index.php?rest_route=\/wp\/v2\/types\/page"}],"author":[{"embeddable":true,"href":"https:\/\/sitr13.unah.edu.hn\/index.php?rest_route=\/wp\/v2\/users\/2"}],"replies":[{"embeddable":true,"href":"https:\/\/sitr13.unah.edu.hn\/index.php?rest_route=%2Fwp%2Fv2%2Fcomments&post=180"}],"version-history":[{"count":19,"href":"https:\/\/sitr13.unah.edu.hn\/index.php?rest_route=\/wp\/v2\/pages\/180\/revisions"}],"predecessor-version":[{"id":1153,"href":"https:\/\/sitr13.unah.edu.hn\/index.php?rest_route=\/wp\/v2\/pages\/180\/revisions\/1153"}],"wp:attachment":[{"href":"https:\/\/sitr13.unah.edu.hn\/index.php?rest_route=%2Fwp%2Fv2%2Fmedia&parent=180"}],"curies":[{"name":"wp","href":"https:\/\/api.w.org\/{rel}","templated":true}]}}